{"id":167,"date":"2011-01-23T10:28:20","date_gmt":"2011-01-23T12:28:20","guid":{"rendered":"http:\/\/vidaolivro.com\/"},"modified":"2011-01-23T10:28:47","modified_gmt":"2011-01-23T12:28:47","slug":"autor","status":"publish","type":"page","link":"https:\/\/georgemarques.com.br\/vida\/autor\/","title":{"rendered":"O Autor"},"content":{"rendered":"<p style=\"text-align: justify;\">&#8220;Quando eu era crian\u00e7a, enquanto todos os meus colegas sonhavam em ser bombeiro, policial, m\u00e9dico ou mesmo super-her\u00f3i, o que eu queria mesmo era ser escritor. N\u00e3o sei bem porque isso me ocorreu naquela \u00e9poca, pois n\u00e3o lembro muito bem da minha inf\u00e2ncia (e isso \u00e9 eufemismo), mas, desde que posso me recordar, o que eu queria ser quando crescer era escritor. Pode ser que o fato de eu ter aprendido a ler mais cedo do que os outros (aprendi a ler com cinco anos, antes mesmo de entrar no pr\u00e9-prim\u00e1rio) tenha me ajudado a sonhar com esse destino, embora eu n\u00e3o tenha muita certeza de que li tantas coisas assim.&#8221;<\/p>\n<p style=\"text-align: justify;\">George Marques \u00e9 diferente de qualquer um que voc\u00ea j\u00e1 tenha conhecido. Um ser meio maluco, meio deprimido e meio nerd. \u00c9, tamb\u00e9m, guitarrista da banda\u00a0<a title=\"Farofa \u00e0 Milanesa\" href=\"http:\/\/www.myspace.com\/farofaamilanesa\">Farofa \u00e0 Milanesa<\/a>. Gosta de computadores, guitarras e teatro. Faz de tudo um pouco, mas nada faz t\u00e3o bem. Algu\u00e9m cheio de pronomes relativos, conjun\u00e7\u00f5es coordenativas adversativas e adv\u00e9rbios de modo.<\/p>\n","protected":false},"excerpt":{"rendered":"<p>&#8220;Quando eu era crian\u00e7a, enquanto todos os meus colegas sonhavam em ser bombeiro, policial, m\u00e9dico ou mesmo super-her\u00f3i, o que eu queria mesmo era ser escritor. N\u00e3o sei bem porque isso me ocorreu naquela \u00e9poca, pois n\u00e3o lembro muito bem da minha inf\u00e2ncia (e isso \u00e9 eufemismo), mas, desde que posso me recordar, o que [&hellip;]<\/p>\n","protected":false},"author":1,"featured_media":0,"parent":0,"menu_order":2,"comment_status":"open","ping_status":"closed","template":"","meta":{"spay_email":""},"jetpack_shortlink":"https:\/\/wp.me\/P3br6G-2H","jetpack_sharing_enabled":true,"_links":{"self":[{"href":"https:\/\/georgemarques.com.br\/vida\/wp-json\/wp\/v2\/pages\/167"}],"collection":[{"href":"https:\/\/georgemarques.com.br\/vida\/wp-json\/wp\/v2\/pages"}],"about":[{"href":"https:\/\/georgemarques.com.br\/vida\/wp-json\/wp\/v2\/types\/page"}],"author":[{"embeddable":true,"href":"https:\/\/georgemarques.com.br\/vida\/wp-json\/wp\/v2\/users\/1"}],"replies":[{"embeddable":true,"href":"https:\/\/georgemarques.com.br\/vida\/wp-json\/wp\/v2\/comments?post=167"}],"version-history":[{"count":6,"href":"https:\/\/georgemarques.com.br\/vida\/wp-json\/wp\/v2\/pages\/167\/revisions"}],"predecessor-version":[{"id":201,"href":"https:\/\/georgemarques.com.br\/vida\/wp-json\/wp\/v2\/pages\/167\/revisions\/201"}],"wp:attachment":[{"href":"https:\/\/georgemarques.com.br\/vida\/wp-json\/wp\/v2\/media?parent=167"}],"curies":[{"name":"wp","href":"https:\/\/api.w.org\/{rel}","templated":true}]}}